s the greatest common divisor of d and u?
16
Let m = 877 - 412. Let s = -429 + m. What is the greatest common divisor of s and 468?
36
Let y be ((-7)/2)/(2/(-4)). Suppose h = 16 - y. Suppose -175 = 14*j - 1183. What is the highest common factor of j and h?
9
Suppose 0 = 168*z - 123*z - 1485. Suppose 5*p - 4*u - 825 = 0, 3*p + u = 3*u + 495. What is the highest common factor of z and p?
33
Let z be 160/(-12)*(-9)/2. Suppose 0 = l - z + 15. Let x be ((-20)/(-3))/(2 + -4)*(-891)/198. Calculate the highest common factor of x and l.
15
Suppose -2*z - 32 = -g + 3*z, -g - 18 = 5*z. Suppose 4*t - 165 = -6*o + g*o, -171 = -4*t - o. What is the greatest common factor of t and 798?
42
Suppose 0 = -37*j - 36*j + 6862. Calculate the greatest common factor of j and 1598.
94
Let x = 23498 + -23443. Calculate the greatest common divisor of x and 30.
5
Suppose -9*s + 6114 = -1842. What is the greatest common divisor of s and 78?
26
Let t(m) = -2*m**3 - 31*m**2 - 42*m + 42. Let i be t(-14). Calculate the highest common divisor of 266 and i.
14
Suppose -w + 3*w = 10. Suppose -531 = -5*a + 439. Suppose -29 = 3*q - a. What is the highest common factor of w and q?
5
Suppose -65*t = -33933 + 5073. What is the greatest common divisor of 4736 and t?
148
Let j(o) = 3*o**2 + 83*o + 640. Let q be j(-12). What is the greatest common factor of 7676 and q?
76
Suppose 0 = -15*m - 23426 + 24266. What is the greatest common factor of m and 7504?
56
Let f = 1371 - 124. What is the greatest common divisor of f and 29?
29
Let o(a) = a**2 - a + 11. Let t be o(0). Let r(c) = -c**3 + 2*c**2 - 8*c - 344. Let n be r(0). Let k = 388 + n. Calculate the highest common factor of t and k.
11
Let n(j) = j**3 + 5*j - 4. Let i be n(4). Suppose i = 2*a - 24. Let c = -32 + a. Calculate the greatest common factor of c and 20.
20
Let y(o) = -o**2 + 29*o - 35. Suppose 53*n + 150 = 59*n. Let d be y(n). What is the highest common divisor of d and 715?
65
Let x(z) = z**3 - 55*z**2 + 21*z - 34. Let i be x(55). What is the greatest common factor of i and 826?
59
Suppose 0 = c + c + 5*x - 18, -4*c + 64 = 3*x. Let s = c - -19. Let r(z) = 7*z**2 + 54*z + 54. Let h be r(-7). What is the greatest common factor of s and h?
19
Suppose -4*u + 1638 = -2*u. Let k(j) = -j**2 + 2*j + 231. Let n be k(14). Calculate the highest common divisor of u and n.
63
Suppose 4*u = -b + 972 - 766, 3*u = 5*b + 166. Let v(g) = -45*g + 2. Let s be v(-4). What is the highest common divisor of u and s?
26
Suppose -156 + 1873 = 5*k + 352. Calculate the highest common factor of 84 and k.
21
Let d(h) = 12*h - 498. Let o be d(46). What is the greatest common factor of o and 1917?
27
Let x = 218 + -197. Suppose n = 2*i - 47, -x*n - 111 = -5*i - 25*n. What is the greatest common factor of 69 and i?
23
Suppose -7*p = -4*q - 78050, 11150 = -162*p + 163*p - 3*q. What is the highest common divisor of 25 and p?
25
Let h = 18120 - 17037. What is the highest common factor of 1311 and h?
57
Let z(d) = 11*d - 63. Let r be z(6). Let b = 12 + -8. Let x be (5 - r)/(b/116). Calculate the highest common divisor of x and 87.
29
Suppose 50726*c - 50728*c + 96 = 0. What is the highest common factor of c and 28920?
24
Let c(n) = -33*n - 18. Let m be c(-5). Suppose -m + 43 = -2*a. Calculate the greatest common divisor of 364 and a.
52
Suppose y - 3*g - 878 = 0, 3*y + 32*g - 2710 = 22*g. What is the greatest common divisor of 2848 and y?
178
Let u = -75 - -114. Let h be (-1714)/(-4) - (636/(-24) - -13 - -13). Calculate the highest common divisor of h and u.
39
Let m be ((-1)/(-2) + (-138)/20)/(190/(-74575)). Calculate the greatest common factor of 471 and m.
157
Suppose 3*z = z + 316. Let i = z + -68. Suppose 5*d = -w + i, d - 170 = -2*w - 4*d. Calculate the greatest common factor of 16 and w.
16
Let x(f) = 3*f**2 + 4*f - 20. Let n = 401 - 395. Let w be x(n). What is the greatest common factor of 64 and w?
16
Let t(q) = 189*q + 100. Let g be t(0). What is the highest common factor of 340 and g?
20
Let t = 28 - 15. Let n be -22 + -2 - 3*-1. Let k be (91/n)/((-1)/6). Calculate the highest common factor of t and k.
13
Let z = 104 + -110. Let c(a) = -2*a**2 - 29*a - 42. Let w be c(z). Calculate the greatest common factor of w and 140.
20
Suppose 15238 = 12*c - 6194. What is the highest common factor of c and 76?
38
Let p(f) = -48*f - 6. Suppose -2 = x, -3*x = -2*j - x. Let g be p(j). Let a = -58 + 68. What is the greatest common factor of g and a?
10
Let s be 11/((-66)/24) - -8. Suppose 0 = -s*x + 4, -5*l + 3*x = 2*x - 3159. What is the highest common factor of 79 and l?
79
Suppose -17583*h + 17597*h = 14924. Calculate the greatest common divisor of 130 and h.
26
Let j(s) = 18*s**2 - 21*s - 12. Let q be j(-4). Suppose 40 + 11 = 3*y - z, -5*y = z - 93. Calculate the greatest common factor of q and y.
18
Let k(u) = 6*u**3 - 75*u**2 - 31*u + 71. Let l be k(13). Calculate the greatest common divisor of 725 and l.
25
Suppose -8 = 198*g - 190*g. Let d be (g - 0)*(26 - 31). What is the highest common factor of 135 and d?
5
Suppose -301 = -4*k + 5*t, 40*k - 44*k + 4*t = -300. Calculate the highest common factor of 37 and k.
37
Suppose -4*y = -w + 115, 73 = w - 22*y + 24*y. Calculate the highest common divisor of w and 3335.
29
Suppose -2*p = -0*p. Suppose 9 = 3*y, 2*y - 10 = -3*f + 11. Suppose p*s + 20 = f*s. Calculate the greatest common factor of s and 36.
4
Suppose 671 = 2*b - 5*h, -b + 5*h = -0*b - 348. Let i = b + -321. What is the highest common divisor of i and 58?
2
Let q be ((-32240)/(-36))/20 - (-2)/9. What is the greatest common factor of q and 210?
15
Suppose -84 - 136 = -10*s. Let d be (-4)/s - 1400/(-77). Calculate the highest common divisor of 99 and d.
9
Let m = -4951 - -5019. What is the highest common factor of 72 and m?
4
Suppose 2 - 3 = z, 0 = -v + 4*z + 25. Suppose 5*f + 2*q = -352, -5*f - 348 = -2*q - 0*q. Let o = 133 + f. What is the highest common divisor of v and o?
21
Suppose 204*q - 84*q = 11760. What is the highest common divisor of 546 and q?
14
Let q be (-5*2/4)/(884/(-7072)). Calculate the greatest common divisor of 550 and q.
10
Suppose -576 = -3*x + x. Suppose -3*i = -2*b - 325 - 5, -5*b - 15 = 0. Calculate the highest common divisor of i and x.
36
Let j(m) = -2*m**3 - 4*m**2 - 10*m - 46. Let l be j(-5). Suppose 0 = -l*n + 149*n + 110. Calculate the highest common divisor of 121 and n.
11
Let b = -588 - -685. Suppose 5*i - 165 = -3*h, 2*h + 4*i = b + 15. Calculate the greatest common factor of 425 and h.
25
Let r = 5059 - 3612. Calculate the greatest common factor of 1 and r.
1
Let f(y) = 74*y - 13. Let j be f(12). Let u = j - 389. Calculate the greatest common divisor of 18 and u.
18
Suppose -15*p - 2466 = -24*p. Let d = p + -263. What is the greatest common divisor of d and 2?
1
Let m be 2 + 6 + -1 + -7. Suppose n - t = 100 + 190, m = -3*t - 12. What is the highest common divisor of 26 and n?
26
Let h = -8857 - -13286. What is the greatest common factor of 86 and h?
43
Let w(x) = 3*x**2 - 8*x - 44. Let b be w(9). Suppose 13 = 28*s - b. Calculate the highest common divisor of s and 40.
5
Suppose 0 = 3*y + 94 - 73, 2*y = -3*x + 1750. Calculate the highest common factor of x and 204.
12
Let v = 9011 + -9008. Calculate the greatest common factor of 125 and v.
1
Let j = 1658 - 1607. Calculate the greatest common factor of j and 51.
51
Let z(k) = 9*k**2 + k + 1. Let i be z(-1). Let m(u) = -2*u**2 + 26*u - 33. Let r be m(10). Calculate the greatest common divisor of i and r.
9
Let p be 0 - (768/(-18) - 18/(-27)). Calculate the highest common divisor of 7539 and p.
21
Suppose 394 + 327 = 32*u - 1487. Let p(x) = -23*x. Let f be p(-4). Calculate the highest common divisor of f and u.
23
Let w(u) = -u**3 + 15*u**2 - 11*u + 33. Let q be w(14). Let t = 133 - q. Let k be ((-6)/1)/((-4)/58). Calculate the highest common factor of t and k.
29
Suppose -1418 = -5*s + 4*y, -4*y + 322 = 6*s - 5*s. Suppose 3*v + 27 = 201. Calculate the greatest common factor of v and s.
58
Let i(g) = g**2 - 9*g + 34. Let f be i(4). Suppose -3*h = -f*h + 682. Calculate the greatest common divisor of 434 and h.
62
Suppose -5 = 3*a - 14. Let c be (1 + 2)/(a/9). Suppose -48*j = 3*z - 46*j - 54, 4*j - 18 = -z. Calculate the greatest common factor of z and c.
9
Suppose 0*a